ist the prime factors of (165/h)/(1 - 2).
5, 11
Let l(y) = -y**2 - 7*y + 8. Suppose 3*a - 2*q + 13 = 0, 4*q = -11 - 5. List the prime factors of l(a).
2
Let u(k) = 5*k**3 - 4*k**2 - 3*k + 6. Let t(q) = -q**3 - q + 1. Let o(f) = -4*t(f) + u(f). What are the prime factors of o(2)?
2, 3, 5
Let u(t) = -23*t**2 - 3*t + 22*t**2 + 3 + 16 + 12*t. List the prime factors of u(10).
3
Let w(j) = 3*j**2 - 3*j - 2. Let v be w(-1). Suppose 108 - 716 = -v*p. List the prime factors of p.
2, 19
Let a be ((-12)/(-4) - 2)*2. Suppose -3*y = a*w - 53, -w - 3*y - 4 = -32. Suppose -5*z = -6*z + w. List the prime factors of z.
5
Suppose -l + 2 = 0, -d = -0*l + 4*l - 6. Let a be (d/5)/(2/180). List the prime factors of (-290)/(-9) - (-8)/a.
2
Let s(w) = -16*w - 17. Let m(x) = 7*x**3 - x - 1. Let v be m(-1). List the prime factors of s(v).
5, 19
Let s be (-6)/(-4 - (-2 - 0)). Let g be 48 + s + (-2)/(-1). Let m = g - 28. What are the prime factors of m?
5
Let z = 79 - 74. Let l be (-109*3)/(6/(-4)). Suppose -17 - l = -z*g. What are the prime factors of g?
47
Suppose 173*o - 6370 = 163*o. List the prime factors of o.
7, 13
Let y(j) = -7*j - 5. Let h(p) = p. Let a(l) = 6*h(l) + y(l). Let f be a(-9). Suppose b + 78 = f*b. List the prime factors of b.
2, 13
Let k(u) = u**2 - 7*u + 8. Let z be k(6). Let s(p) = z*p + 12*p - 4 - p**2 - 4*p + 5*p. List the prime factors of s(13).
2, 11
What are the prime factors of ((-85882)/69)/((-2)/6)?
2, 1867
Let x(k) be the second derivative of 233*k**4/12 + 5*k**3/6 + 2*k**2 - k + 4. List the prime factors of x(-1).
2, 29
Suppose -2*q + 20 = -3*b + 3*q, 2*b = -3*q + 12. Let i be (-26)/(-7) + -2 + (-8)/(-28). Suppose b*f = -f + i. What are the prime factors of f?
2
Let j be (2/9)/((-8)/(-72)). Suppose 0 = f - 0*f + r + 4, j*f - r = 4. Suppose f = -h - q + 28, -2*h + 5*h - 72 = 3*q. List the prime factors of h.
2, 13
Let d(c) = c**3 - 7*c**2 - 3. Let b be d(7). Suppose 58 = 15*s - 17. What are the prime factors of (-1 + 21)/(s + b)?
2, 5
Let y(v) = 0*v**2 + 2 + 0*v**2 - 2*v**2 - v**3 + 6*v**2. Let s be y(4). Suppose 4*o + 13 = 3*r, -2*r - 2*r + 24 = -s*o. What are the prime factors of r?
7
Let z(s) = -73*s + 27. Let w be z(-5). Let o = w - 134. What are the prime factors of o?
2, 3, 43
Let a(t) = -96*t**2 + t - 1. Let d(i) = 96*i**2 - i + 1. Let w(g) = -6*a(g) - 5*d(g). What are the prime factors of w(1)?
2, 3
Let k = 169 - 25. Let w = k - 84. What are the prime factors of w?
2, 3, 5
Suppose -7*f = -3*f - 12. What are the prime factors of 75 - (0 + 5 - f)?
73
Let q(z) = 2*z**2 - 4*z + 2. Let b be q(2). Let r be (b - 2) + (4 - 14). List the prime factors of (-144)/r - 4/10.
2, 7
Suppose 0 = 3*q + 81 - 2283. List the prime factors of q.
2, 367
Let u = -23 + 19. Let k be 3 - (8 - u/(-4)). List the prime factors of (-1260)/(-40) - (-2)/k.
31
Let d(h) = 3 - 5 + 5 + 2*h**2. Let l be d(-5). Suppose 22 = 3*n - l. What are the prime factors of n?
5
Let s(i) = -i + 1. Let a(f) = 5*f**2 - f. Let x be a(-1). Let o be s(x). What are the prime factors of 1 + 1 + o - -43?
2, 5
Suppose -12*p + 2*k + 3421 = -9*p, 2 = -k. List the prime factors of p.
17, 67
Suppose 3*n + 5*f - 5 = 0, -12 = n - 5*n - 4*f. Suppose 15 = -n*o, 0 = -4*r + r - o - 9. List the prime factors of ((-50)/20)/(r/4).
5
Let c be -2 + (-3 + 8)*14/10. Suppose -200 = -3*t + c*z, 2 = 5*z + 7. List the prime factors of t.
5, 13
Let g(p) = -6*p**3 - 3*p**2 - 3*p - 12. List the prime factors of g(-4).
2, 3, 7
Let j(x) = -12*x**2 + 6 + 6*x**3 + 13*x**3 - 20*x**3 - 2*x. Let b be j(-12). List the prime factors of ((-372)/b)/(2/(-5)).
31
Let l(z) = -18*z - 6. Let m be l(-4). Let r = -7 + m. What are the prime factors of r?
59
Let f = -51 - -51. Suppose 3*a - 342 + 87 = f. What are the prime factors of a?
5, 17
What are the prime factors of 36/126 - (-5122)/7?
2, 3, 61
Let h be 3/3 + 4 - 0. Suppose -5*s + 8*o - h*o = -110, -14 = -s - o. Suppose -5*l + s + 12 = -j, 4*j + 4 = 0. List the prime factors of l.
2, 3
Let c(j) = j**3 - 11*j**2 - 12*j + 1. Let v be c(12). Let k be (-3 + 11)*12*v. Suppose 5*m = k + 194. What are the prime factors of m?
2, 29
Let d(j) = j + 13. Let c be d(-9). Let t = c + 16. List the prime factors of t.
2, 5
Suppose 2*h - h - 2*u - 2 = 0, -35 = 5*h + 5*u. List the prime factors of 177/(7 + h) + 2.
61
Suppose -7*p + 1317 + 230 = 0. What are the prime factors of p?
13, 17
Let u = 3 - -9. Let n = 3 + u. Suppose -3*r + 5*w - n = -8*r, -9 = -3*r + w. What are the prime factors of r?
3
Suppose 281*a + 5474 = 288*a. What are the prime factors of a?
2, 17, 23
Let y = 359 - 252. What are the prime factors of y?
107
Suppose -4 = 4*b + 5*p, -3*b = -2*p - 0*p + 26. Let k(o) = 7 + o**3 + 6*o + 7*o**2 + 0*o + 0*o**3 - o. List the prime factors of k(b).
13
Let n(r) be the first derivative of r**2/2 + r + 1. Let u be 0 - -2 - (-4 + 8/(-4)). What are the prime factors of n(u)?
3
Suppose -2*g - 11 = 63. Let u = -31 - g. What are the prime factors of u?
2, 3
Let n(k) = -726*k + 490. What are the prime factors of n(-3)?
2, 23, 29
Suppose 50*k - 39*k - 15917 = 0. What are the prime factors of k?
1447
Let v(g) = -4*g + 25 - 2*g + 3*g**2 - 4*g**2 - 5*g. What are the prime factors of v(-8)?
7
Let k(t) = -2*t**3 + 10*t**2 + 6*t - 6. Let r be k(5). Suppose 134 = -23*w + r*w. List the prime factors of w.
2, 67
Suppose 3*g + 2*p = 29, 3*p = -2*g - p + 14. Suppose 38 = 3*y + 5*b, y - 12 - 14 = -5*b. What are the prime factors of (y/(-2) - -6) + g?
2, 7
Let m be (-24)/(-132) - 90/11. Let k(u) = 2*u**3 + 16*u**2 - 16*u - 9. List the prime factors of k(m).
7, 17
Let f = -39 + 59. List the prime factors of 436/3 + (f/(-6))/10.
5, 29
Let j = -75 - -147. Let w = 122 - j. List the prime factors of w.
2, 5
Let q(b) be the second derivative of b**6/360 + b**5/120 - b**4/12 - 2*b**3/3 - 9*b. Let s(j) be the second derivative of q(j). List the prime factors of s(4).
2, 3
Let z = 16 + -13. Suppose m = 5, j - 4*j = -z*m + 12. List the prime factors of (-4 - -3 - -3) + j.
3
Let f be (-18 + -3 - 3) + 2. Let a = -20 - f. Suppose -a*m = -v - 18, 4*v - 2 = -10. List the prime factors of m.
2
Let m be (0 - (-2)/(-4))*-4. Suppose 3*y + 5*t = 6*y - 131, -3*y = -4*t - 136. Suppose 5*c + 106 = 2*r, 69 = 3*r + m*c - y. What are the prime factors of r?
43
Suppose -h - 2*v = -100 - 138, 0 = 3*h + 3*v - 720. Suppose 5*u = -p + 1195, u - h = -p - 3. What are the prime factors of u?
239
Let a = 13 - 13. Suppose 5*t + 2*v = 3*v + 325, -4*t + v + 259 = a. List the prime factors of t.
2, 3, 11
Let n = -3003 + 4350. What are the prime factors of n?
3, 449
Let j(u) = -4 - 2*u - 9*u**2 + u**3 + 6*u + 7*u. Let g be j(7). Let l = g + 50. What are the prime factors of l?
5
Suppose -5*w + 53 = -12. Let u(q) = -q**3 + 12*q**2 + 19*q - 18. List the prime factors of u(w).
2, 3, 5
Suppose -2*c + 53 = -3. What are the prime factors of (-150)/(-22) + c/154?
7
Suppose -2*a + 0*t = -t - 28, 4*a = -5*t + 42. What are the prime factors of a?
13
Let o = 17 - 10. Suppose 3*d = o + 8. Suppose 3*n = 2*q + 22, 0 = d*n - 3*q - 0*q - 38. List the prime factors of n.
2, 5
Suppose 4*l = 3*r - 1570, r - 5*l - 51 - 454 = 0. List the prime factors of r.
2, 5, 53
Let n = 7133 + -4188. List the prime factors of n.
5, 19, 31
Let q = 3783 - 773. List the prime factors of q.
2, 5, 7, 43
Let v(u) be the third derivative of -u**6/360 + 3*u**5/40 + u**4/8 - u**3 - 4*u**2. Let x(r) be the first derivative of v(r). List the prime factors of x(8).
11
Let o be 7 - -4 - (-2)/2. Let r(q) = -q**2 - 9*q + 3. Let a be r(-9). Suppose o = a*b - 12. What are the prime factors of b?
2
Let k = -5 - -34. Let z = k - 20. List the prime factors of z.
3
Suppose 0 = -t + 6*t - 9425. List the prime factors of t.
5, 13, 29
Let c(t) = -5*t**3 - 24*t**2 + 14*t + 20. What are the prime factors of c(-10)?
2, 5, 31
Suppose 5*z + 9 = -4*y, -y - 28 = -3*y + 4*z. Suppose -4*t = -y*a + 64 + 176, 2*a - 108 = -4*t. What are the prime factors of a?
2, 29
Let s = 45 + -25. Suppose 3*n = 2*w - 69, -310 = -5*w - 5*n - 75. Let m = w - s. List the prime factors of m.
2, 11
Suppose -2*p = 1 - 5, -3*q - 4*p - 22 = 0. Let i = q + 18. Let z = 27 - i. List the prime factors of z.
19
Let c(r) = -5*r - 14. Let x be c(-4). What are the prime factors of 4/(-12) + 470/x?
2, 3, 13
Let b(o) = -53*o + 165. List the pri